(-7).
-18
Let d = 7 + -4. Let u(x) be the first derivative of x**3/3 + x**2/2 - 2*x - 86934. Give u(d).
10
Let c(v) = -v**2 + 23*v + 179. Let f be c(29). Let q(m) = -2*m**3 + 7*m**2 - 11*m + 6. Give q(f).
-124
Suppose 0 = -4*l - 3*x + 35, -14 = -5*l - 3*x + 32. Let w(k) be the third derivative of -k**5/60 + 3*k**4/8 + 3*k**3/2 + 119*k**2 + 2*k. Give w(l).
-13
Let s be (-5)/4*(-2)/(-5)*-6. Let w(f) = -6*f - f - f**s + 13 + 0*f - 8*f + 8*f**2. Let a be w(6). Let m(b) = b**2 + 5*b - 5. What is m(a)?
-5
Let t(z) = -z**3 + 13*z**2 + 12*z + 33. Let r be t(14). Suppose -2*q = -r*q - 12. Let v(p) be the second derivative of -p**3/6 + 2*p. Determine v(q).
4
Let k(x) = -x**3 - 2*x**2 + 2*x. Let s(h) = h + 1. Let f(i) = -k(i) - 3*s(i). Let d be f(-3). Let r(t) = -4 - t**3 - 10*t + 3*t - d + 7*t**2 + 3. Give r(6).
-10
Let a = 13141/5 + -2628. Let r(d) be the third derivative of 0 - 12*d**2 + 1/24*d**4 + 0*d + 0*d**3 - a*d**5. Give r(1).
-11
Let v(p) = 67 - 21 - 4*p + 53 + 14*p. What is v(-10)?
-1
Let u = 85 + 73. Let b = 165 - u. Let q(y) = -y**3 + 8*y**2 - 8*y + 8. Determine q(b).
1
Let l(o) = 5*o - 1. Let x = -106 + -125. Let d = x - -234. Give l(d).
14
Let p(u) = -u**2 - u - 2. Suppose 133*q = 124*q + 18. Let t be (238/126 - 5) + q/18. Calculate p(t).
-8
Let v(n) = -4 + n - 1938*n**2 + 5 + 1939*n**2. Calculate v(-2).
3
Let y(k) be the third derivative of -k**6/120 + k**5/5 + k**4/2 - 4*k**3/3 + 4*k**2 - 3*k - 82. Give y(13).
-21
Suppose f = -4*j + 4 + 15, -j - 2 = 0. Let g(m) = m**2 - 33*m + 158. Calculate g(f).
-4
Suppose -4*l + 40 = -2*s - 3*s, 2*l - 20 = 4*s. Let g(x) be the third derivative of x**4/24 - 11*x**3/6 - 16*x**2. Calculate g(l).
-1
Let a(i) = -2 + 4 + 1. Let o(f) = -f - 19. Let r(n) = -n - 22. Let z(v) = -6*o(v) + 5*r(v). Let c(g) = -4*a(g) + 3*z(g). Give c(-3).
-9
Let l(q) = -q**3 + 5*q**2 + 3*q - 13. Let s be l(5). Let y(u) = u - 2 - u**2 - s + 6 + 0*u**2. What is y(5)?
-18
Let z(k) be the second derivative of 22*k**3/3 + 244*k**2 - 2244*k. What is z(-11)?
4
Let y(b) = b**2 + 16*b - 9. Let f = -83 - -66. Let q be y(f). Let k(p) = -p**2 + 10*p - 19. Give k(q).
-3
Let t(y) = -21*y + 7. Suppose -4*q + 8 = -2*x, -27*x + 10 = -32*x. Let o(g) = 2*g - 1. Let m(v) = q*t(v) + 5*o(v). Give m(1).
-9
Let f(i) be the second derivative of i**5/6 + i**4/24 + 41*i**2/2 - 6*i. Let n(a) be the first derivative of f(a). Determine n(1).
11
Let o(q) = -q - 3*q - 4 - 3 + q**2. Suppose 15*j = 14*j. Suppose -r = -3*y - 7 + 5, j = 2*r - y - 9. Give o(r).
-2
Let h(z) = -z**2 - 20*z + 39. Let n be h(-18). Let d = 78 - n. Let x be 0/d + 16/(4 + -2). Let b(f) = f - 9. Determine b(x).
-1
Suppose 2*o + 73 = 133. Let q be (10/(-25) + 1)*o. Let t be 2 - (-5)/((-10)/q). Let u(z) = -z + 3. Give u(t).
10
Let l = 344 + -333. Let k(h) be the first derivative of -h**3/3 + 13*h**2/2 - 9*h - 44. What is k(l)?
13
Let b = 29 + -37. Let f(q) = -10*q**2 + 10 - 4*q**3 + 1 + 163*q - 151*q. Let u(p) = p**3 + p**2. Let r(n) = -f(n) - 3*u(n). Calculate r(b).
21
Let y(d) = -d**2 + 39*d + 51. Let f be y(39). Suppose 57*g = f*g - 42. Let r(p) = -p - 15. Calculate r(g).
-8
Let i(w) = w**3 + 5*w**2 - 13*w + 10. Let f = 180 - 187. Let x be i(f). Let o(k) = -5*k + 1. What is o(x)?
-14
Let q(j) = -j**3 + 6*j**2 + 7*j. Let i = -360 + 362. Let f be (((-16)/12)/i)/((-4)/42). Calculate q(f).
0
Let y(k) be the second derivative of -k**5/20 - k**4/3 - k**3/2 + 2*k**2 + 3*k. Let m be (-5 - -4 - 0)*(4 + -1). Let x be 25/(-7) + ((-72)/42)/m. Give y(x).
4
Let a = 175 - 21. Let q = a - 151. Let i(o) be the first derivative of -o**4/4 + o**3 - 2*o**2 + o - 1. What is i(q)?
-11
Let p(m) be the second derivative of 7/2*m**2 + 0 - 1/3*m**3 - 6*m. Let r(j) = -j**3 - 4*j**2 - 7*j - 3. Let f be r(-3). Calculate p(f).
-11
Let t(z) = -2*z - 41. Suppose -6*a = -3*g - 8*a - 51, g + 7 = -4*a. Determine t(g).
-3
Let t(u) = -4157*u**2 + 4*u + 8304*u**2 - 4170*u**2 - 4*u + 2. What is t(-2)?
-90
Suppose 1368 = -16*c - 2440. Let h = c - -234. Let f(j) = j**2 + 6*j + 3. What is f(h)?
-5
Let c(k) = -k**3 - 5*k**2 - 5*k - 6. Let t(h) be the first derivative of -2*h**2 + 32*h - 21. Let i be t(9). Calculate c(i).
-2
Let h(s) = -s**2 - 3*s + 5. Let d be (72/56)/(-9) + 15/7. Calculate h(d).
-5
Let i(n) = -3*n + n + 3*n. Let k(c) = -21*c - 22*c - 16*c - 1 + 62*c. Let u(y) = 6*i(y) - k(y). What is u(-2)?
-5
Let b be 0 + (-8)/(64/(-56)) + -11. Suppose 0 = -w + g - 20, -2*w + g + 68 = -5*w. Let u be w/b + 12/(-24). Let l(x) = -x**3 + 5*x**2 - x + 2. Give l(u).
-3
Suppose p = -2*p + 12. Suppose -4*n - 5*h - 8 = 0, -p*n = 2*h + 4 + 16. Let m(o) = -27 + 664*o - 666*o + 56 - 37. Give m(n).
6
Suppose -35*f + 8 = -27*f. Let k(d) = -f + 2 + 5*d - 3. What is k(-3)?
-17
Let m(k) = k**3 - k**2 - 2*k - 5. Suppose 0 = -6*w - 170 - 262. Let l = -72 - w. What is m(l)?
-5
Let x(o) = -o**2 - 13*o - 5. Let z be x(-12). Suppose -n - 3 = 2*s - 0*s, -2*s + z = 3*n. Let l(q) = q**3 + 6*q**2 + 2*q - 2. Calculate l(s).
22
Let q(f) = -3*f**2 + 36*f - 1. Let o(m) = -16*m**2 + 510*m + 75. Let z be o(32). Calculate q(z).
32
Suppose -15*l + 39 = -51. Let r be (l/(-8))/(18/48) + -1. Let t(z) = 3*z - 2. What is t(r)?
-11
Let m(s) = s + 51. Suppose 0 = -k - 4*l - 51, 7*k + 2*l + 102 = 5*k. Let j be m(k). Let v(t) = -2*t + 3 + 3*t - 2*t. Give v(j).
3
Let a(n) = 11*n - 3. Let q(l) = -5*l + 6. Let u(o) = -4*o + 4. Let p(r) = -2*q(r) + 3*u(r). Let d(f) = -a(f) - 6*p(f). Give d(-10).
-7
Let f = -80 + 99. Let h(p) = f - 3 - 9 + 6*p. Let t be 60/8*2/(-3). Give h(t).
-23
Suppose 2*s + 3*a = 11, 4*s - 3*a - 27 = -50. Let w(u) = u**3 + 3*u**2 + 5*u + 7. Give w(s).
1
Let b(f) be the third derivative of -1/3*f**3 + 1/24*f**4 + 0 + 1/120*f**6 + 1/30*f**5 + 0*f + 31*f**2. Suppose -4*w - 10 = w. Determine b(w).
-4
Let x be 150/175*833/(-51). Let b(v) = -9*v - 105. What is b(x)?
21
Let n(m) = m**3 - 17*m**2 + 54*m - 30. Let v be n(13). Let y(t) = -2*t**2 - 6*t + 2. Calculate y(v).
-6
Let r = -3 - -7. Suppose 14 = 2*t + 5*z, -3*t + 0*z = -3*z. Let u(m) = 0*m**2 - 19 + 20 - m**2 + t*m. Determine u(r).
-7
Let y be (10/(-6))/(4/(-12)). Suppose -z + y = 4*z. Let v(s) be the first derivative of 4*s**2 - s - 193. Calculate v(z).
7
Suppose 0 = -7397*j + 7410*j. Let g(r) = 8 + 5*r**3 + 3*r - 4*r**3 - 2*r. Calculate g(j).
8
Let t(g) be the third derivative of 178*g**2 + 0 - 1/60*g**5 - 4/3*g**3 - 7/24*g**4 + 0*g. Calculate t(-6).
-2
Let v(b) = -3*b**2 + 27*b - 8. Let n(u) = 3*u**2 - 26*u + 6. Let i be (3/(-5))/(15/(-75)). Let k(y) = i*n(y) + 2*v(y). What is k(8)?
2
Let p(h) = -3*h**2 + 3*h. Let y(x) = 4*x**2 - 3*x. Let j(k) = -6*p(k) - 4*y(k). Let n be 4 - (20*-6)/6 - -4. Let d be -7*25/20*(-16)/n. Determine j(d).
20
Let q(l) be the second derivative of -l + 2/3*l**4 + 94 + 5/3*l**3 - 1/20*l**5 - 5*l**2. Determine q(9).
-1
Let f(r) = 5*r + 269. Suppose 6*m - 222 = 10*m + g, m - 4*g = -47. What is f(m)?
-6
Let f = 36 + -23. Let m = -7 + f. Let i(p) be the third derivative of -p**5/60 + 7*p**4/24 + 5*p**3/6 - 16*p**2. Determine i(m).
11
Let m(g) be the first derivative of -g**3/3 - 11*g**2/2 - 17*g - 1210. Calculate m(-9).
1
Let h(q) = -15009*q**2 + 30017*q**2 + 13*q**3 - 15007*q**2. Give h(1).
14
Let h(p) be the first derivative of p**4/2 + 17*p**3/3 + 6*p**2 + 34*p + 1895. Calculate h(-8).
2
Let m(d) = 17*d**3 + 5*d**2 + 49*d - 91. Let k(u) = 11*u**3 + 3*u**2 + 32*u - 61. Let j(h) = -14*k(h) + 9*m(h). What is j(4)?
-9
Suppose -9*p + 220 = -4*p. Let q(k) = 27 + 15 - p + 18 + k. Calculate q(-14).
2
Let s = 1588 + -1589. Let q(f) = f**3 - f**2 + 1. Determine q(s).
-1
Let q(v) = -v**3 + 4*v**2 - v. Suppose -5*o - 6*o - 30*o = -164. Calculate q(o).
-4
Let w(d) = -4 + 0 + 11 - 3*d + 2*d + 4 - d**3 + 14*d**2. Let l = 576 - 562. Calculate w(l).
-3
Let b(a) = 13*a**2 - 25*a + 4. Let s(o) = 2*o**2 - 3*o. Let q(d) = -b(d) + 7*s(d). Suppose c - 20 = 4*x, -4*x + 3*c + 2 - 14 = 0. Calculate q(x).
8
Let v(p) = -71*p**2 - 81*p - 50. Let s(x) = 25*x**2 + 28*x + 17. Let m(q) = 17*s(q) + 6*v(q). What is m(-5)?
14
Let j be 7 - (1 + (-12 - -11)). Let s(w) be the third derivative of -w**5/60 + 3*w**4/8 - 8*w**3/3 - 4*w**2. Calculate s(j).
-2
Suppose -f + 3*l = 317, 0 = -5*f - 4*l + 6*l - 1637. Let c = f - -313. Let s(n) = n**3 + 15*n**2 - 15*n + 7. Calculate s(c).
-9
Suppose 18 = b - 10*b. Let q be (4/(